a multiple of 56?
False
Does 34 divide 7650?
True
Does 262 divide 10742?
True
Is 13 a factor of 989?
False
Is 51 a factor of 1326?
True
Is 1748 a multiple of 46?
True
Is 27492 a multiple of 17?
False
Is 17 a factor of 5195?
False
Is 1779 a multiple of 12?
False
Does 305 divide 2745?
True
Is 33 a factor of 266?
False
Does 91 divide 33397?
True
Does 18 divide 1080?
True
Is 9 a factor of 1285?
False
Is 12320 a multiple of 28?
True
Is 18800 a multiple of 43?
False
Is 3549 a multiple of 91?
True
Is 48 a factor of 2496?
True
Is 138 a factor of 70714?
False
Is 867 a multiple of 14?
False
Is 370 a multiple of 10?
True
Does 32 divide 12800?
True
Is 160 a factor of 7104?
False
Is 895 a multiple of 21?
False
Is 8 a factor of 1555?
False
Is 12705 a multiple of 33?
True
Is 32 a factor of 1993?
False
Does 22 divide 5074?
False
Does 8 divide 2485?
False
Is 84 a factor of 5376?
True
Does 22 divide 1364?
True
Is 10 a factor of 1775?
False
Does 52 divide 12986?
False
Is 22607 a multiple of 37?
True
Is 580 a multiple of 22?
False
Is 7194 a multiple of 11?
True
Is 4 a factor of 124?
True
Is 11 a factor of 1502?
False
Does 25 divide 1732?
False
Does 36 divide 10728?
True
Is 10 a factor of 2360?
True
Does 126 divide 24192?
True
Is 12 a factor of 4320?
True
Is 3 a factor of 396?
True
Is 1037 a multiple of 8?
False
Is 48110 a multiple of 283?
True
Is 20 a factor of 18680?
True
Is 24 a multiple of 4?
True
Is 4 a factor of 76?
True
Does 13 divide 806?
True
Does 13 divide 71732?
False
Is 17 a factor of 81?
False
Does 24 divide 72?
True
Is 3591 a multiple of 9?
True
Is 3 a factor of 959?
False
Is 45085 a multiple of 71?
True
Is 6840 a multiple of 120?
True
Does 16 divide 2656?
True
Does 102 divide 1836?
True
Is 5 a factor of 1340?
True
Is 13 a factor of 314?
False
Does 6 divide 4507?
False
Is 3 a factor of 17?
False
Is 330 a multiple of 15?
True
Is 3783 a multiple of 13?
True
Does 13 divide 1122?
False
Is 12676 a multiple of 48?
False
Does 54 divide 53223?
False
Is 58 a factor of 58880?
False
Does 7 divide 1168?
False
Does 3 divide 192?
True
Is 2885 a multiple of 5?
True
Does 45 divide 978?
False
Does 7 divide 170?
False
Does 73 divide 1533?
True
Is 1859 a multiple of 13?
True
Does 381 divide 45720?
True
Is 5 a factor of 1001?
False
Is 429 a multiple of 10?
False
Is 4011 a multiple of 83?
False
Does 39 divide 5811?
True
Is 54236 a multiple of 62?
False
Is 15 a factor of 345?
True
Is 2533 a multiple of 86?
False
Is 219 even?
False
Is 365 a multiple of 21?
False
Is 15 a factor of 29854?
False
Is 36 even?
True
Is 9 a factor of 62946?
True
Is 38 a factor of 10412?
True
Does 73 divide 18505?
False
Does 3 divide 37?
False
Is 16 a factor of 4813?
False
Does 54 divide 3119?
False
Is 16950 a multiple of 50?
True
Is 665 a multiple of 19?
True
Is 195 a factor of 12675?
True
Is 7030 a multiple of 74?
True
Is 120 a factor of 18600?
True
Is 154 a multiple of 3?
False
Is 8 a factor of 2944?
True
Is 16 a factor of 7013?
False
Does 102 divide 7069?
False
Is 164 even?
True
Is 8 a factor of 67568?
True
Does 8 divide 24?
True
Is 884 a multiple of 17?
True
Is 23 a factor of 12201?
False
Is 108460 a multiple of 290?
True
Is 1682 a multiple of 35?
False
Is 22 a factor of 145?
False
Is 1786 even?
True
Is 57597 a multiple of 73?
True
Does 32 divide 4802?
False
Is 32536 a multiple of 166?
True
Does 13 divide 301?
False
Does 34 divide 20065?
False
Is 1111 a multiple of 101?
True
Is 3 a factor of 425?
False
Is 3150 a multiple of 18?
True
Is 14 a factor of 10467?
False
Does 11 divide 7729?
False
Is 3882 a multiple of 18?
False
Is 909 a multiple of 6?
False
Does 10 divide 1581?
False
Does 14 divide 409?
False
Does 22 divide 1744?
False
Does 23 divide 1611?
False
Is 74517 a multiple of 410?
False
Is 481 a multiple of 4?
False
Does 18 divide 483?
False
Does 7 divide 21063?
True
Is 6361 a multiple of 11?
False
Does 37 divide 1665?
True
Is 5110 a multiple of 9?
False
Is 156 a multiple of 8?
False
Is 47627 a multiple of 12?
False
Is 7506 a multiple of 18?
True
Does 42 divide 21714?
True
Is 11 a factor of 336?
False
Is 11 a factor of 1419?
True
Is 1036 a multiple of 16?
False
Is 81 a factor of 8651?
False
Is 71 a factor of 1573?
False
Is 1059 a multiple of 19?
False
Is 19 a factor of 3990?
True
Does 250 divide 30500?
True
Does 30 divide 38399?
False
Is 4065 a multiple of 6?
False
Is 11983 a multiple of 23?
True
Is 5310 a multiple of 10?
True
Is 15 a factor of 179?
False
Does 4 divide 276?
True
Is 11 a factor of 17996?
True
Does 89 divide 3228?
False
Is 12 a factor of 12?
True
Is 21 a factor of 29550?
False
Is 808 a multiple of 10?
False
Does 33 divide 726?
True
Does 2 divide 141?
False
Does 117 divide 117?
True
Is 9 a factor of 53271?
True
Is 11 a factor of 2860?
True
Is 1215 a multiple of 10?
False
Is 29930 a multiple of 410?
True
Does 10 divide 19360?
True
Does 50 divide 20200?
True
Does 4 divide 340?
True
Does 11 divide 40766?
True
Is 2433 a multiple of 20?
False
Does 10 divide 353?
False
Is 16 a factor of 316?
False
Is 47 a factor of 282?
True
Is 4 a factor of 60?
True
Does 24 divide 1093?
False
Does 79 divide 2133?
True
Does 10 divide 985?
False
Is 1431 a multiple of 9?
True
Is 26 a factor of 624?
True
Is 586 a multiple of 25?
False
Is 27 a factor of 216?
True
Does 34 divide 782?
True
Is 266 a multiple of 29?
False
Is 76121 a multiple of 98?
False
Does 30 divide 18095?
False
Is 24 a factor of 576?
True
Is 210 a factor of 19498?
False
Is 102 a multiple of 12?
False
Is 202 even?
True
Does 186 divide 2083?
False
Is 53 a factor of 4028?
True
Is 11081 a multiple of 29?
False
Is 988 a multiple of 52?
True
Is 10 a factor of 40?
True
Is 185 a multiple of 8?
False
Does 2 divide 1683?
False
Is 351 a factor of 60372?
True
Is 39 a factor of 22659?
True
Is 6194 a multiple of 19?
True
Is 74 a factor of 18752?
False
Is 8190 a multiple of 5?
True
Is 7076 a multiple of 116?
True
Is 11 a factor of 718?
False
Is 12 a factor of 1745?
False
Does 20 divide 18140?
True
Is 37859 a multiple of 107?
False
Is 1086 even?
True
Does 26 divide 30401?
False
Does 9 divide 17593?
False
Is 24 a factor of 2712?
True
Is 3093 a multiple of 92?
False
Is 6269 a multiple of 82?
False
Is 26600 a multiple of 50?
True
Is 15 a factor of 7455?
True
Is 29382 a multiple of 59?
True
Is 171 a factor of 67203?
True
Is 3713 a multiple of 79?
True
Is 39 a multiple of 5?
False
Is 91 a factor of 95368?
True
Does 21 divide 323?
False
Does 4 divide 15?
False
Does 60 divide 3637?
False
Is 8 a factor of 114?
False
Does 42 divide 11598?
False
Is 9666 a multiple of 54?
True
Is 306 a multiple of 34?
True
Is 326 a multiple of 57?
False
Is 6 a factor of 1860?
True
Does 31 divide 5735?
True
Is 30515 a multiple of 29?
False
Does 70 divide 12530?
True
Does 8 divide 8284?
False
Is 4 a factor of 4885?
False
Is 4501 a multiple of 15?
False
Does 19 divide 323?
True
Does 12 divide 120?
True
Does 267 divide 9978?
False
Is 795 a multiple of 65?
False
Is 9 a factor of 670?
False
Does 16 divide 1070?
False
Does 46 divide 222?
False
Is 55 a factor of 1997?
False
Is 1456 a multiple of 33?
False
Is 3 a factor of 24?
True
Does 13 divide 351?
True
Is 2599 even?
False
Is 15 a multiple of 5?
True
Is 16 a factor of 544?
True
Does 50 divide 1859?
False
Is 5 a factor of 615?
True
Is 1025 a multiple of 25?
True
Does 206 divide 25338?
True
Is 3248 a multiple of 4?
True
Is 442 a multiple of 17?
True
Is 17839 a multiple of 7?
False
Does 114 divide 8401?
False
Is 37736 a multiple of 106?
True
Is 19059 a multiple of 4?
False
Is 703 a multiple of 24?
False
Is 59953 a multiple of 359?
True
Does 36 divide 828?
True
Is 21 a factor of 5961?
False
Does 5 divide 243?
False
Does 11 divide 5489?
True
Is 8433 a multiple of 72?
False
Is 1306 a multiple of 25?
False
Does 37 divide 4477?
True
Is 11 a factor of 1973?
False
Does 4 divide 164?
True
Is 1394 a multiple of 28?
False
Does 3 divide 417?
True
Is 51611 a multiple of 73?
True
Does 12 divide 12648?
True
Is 37 a factor of 5221?
False
Is 162 a factor of 39208?
False
Is 17 a factor of 918?
True
Does 2 divide 2013?
False
Does 53 divide 4088?
False
Is 624 a multiple of 12?
True
Does 5 divide 465?
True
Does 8 divide 816?
True
Does 8 divide 2504?
True
Is 87 a factor of 41703?
False
Is 135052 a multiple of 12?
False
Is 2147 a multiple of 106?
False
Is 